What is the tens digit of 14968810?
1
What is the ten thousands digit of 52574928?
7
What is the tens digit of 1259870513?
1
What is the ten thousands digit of 2006714?
0
What is the hundred thousands digit of 2347060278?
0
What is the units digit of 3251394076?
6
What is the ten thousands digit of 113764867?
6
What is the ten millions digit of 63637858?
6
What is the billions digit of 2818583532?
2
What is the ten thousands digit of 540398679?
9
What is the hundreds digit of 5958324000?
0
What is the hundreds digit of 1590674644?
6
What is the units digit of 8040226887?
7
What is the units digit of 4056069697?
7
What is the hundred millions digit of 1127823610?
1
What is the tens digit of 965528891?
9
What is the thousands digit of 2524184429?
4
What is the tens digit of 7761451931?
3
What is the millions digit of 112046011?
2
What is the units digit of 3342298257?
7
What is the billions digit of 2812372195?
2
What is the tens digit of 48473985?
8
What is the ten thousands digit of 3561834622?
3
What is the ten thousands digit of 1567160?
6
What is the hundred thousands digit of 32650011?
6
What is the millions digit of 612539133?
2
What is the hundred thousands digit of 787947501?
9
What is the units digit of 105311393?
3
What is the ten thousands digit of 5448816892?
1
What is the hundred millions digit of 287917941?
2
What is the hundred millions digit of 1228461743?
2
What is the ten millions digit of 1743765201?
4
What is the thousands digit of 39467965?
7
What is the hundreds digit of 1453927424?
4
What is the ten millions digit of 315781818?
1
What is the hundred thousands digit of 1647003513?
0
What is the millions digit of 1288549497?
8
What is the thousands digit of 619605092?
5
What is the units digit of 137055235?
5
What is the units digit of 305134025?
5
What is the ten millions digit of 137054368?
3
What is the thousands digit of 89425722?
5
What is the millions digit of 79341120?
9
What is the thousands digit of 12247012?
7
What is the ten millions digit of 29592619?
2
What is the millions digit of 16554722?
6
What is the ten millions digit of 15706528?
1
What is the hundred thousands digit of 820087400?
0
What is the millions digit of 4197630866?
7
What is the tens digit of 466896691?
9
What is the millions digit of 40848095?
0
What is the hundred thousands digit of 21158023?
1
What is the hundreds digit of 1548516293?
2
What is the units digit of 2289155431?
1
What is the hundred thousands digit of 1923064801?
0
What is the thousands digit of 599132008?
2
What is the hundred thousands digit of 745491189?
4
What is the thousands digit of 35674639?
4
What is the ten thousands digit of 281560472?
6
What is the ten millions digit of 36834501?
3
What is the thousands digit of 197610?
7
What is the units digit of 40609549?
9
What is the millions digit of 655875057?
5
What is the millions digit of 120986602?
0
What is the ten millions digit of 125497472?
2
What is the units digit of 186855039?
9
What is the ten millions digit of 241840111?
4
What is the thousands digit of 191979198?
9
What is the hundreds digit of 97189739?
7
What is the ten millions digit of 97618588?
9
What is the ten millions digit of 31112659?
3
What is the millions digit of 593610806?
3
What is the hundred thousands digit of 834419516?
4
What is the millions digit of 149801042?
9
What is the ten thousands digit of 221263190?
6
What is the ten thousands digit of 5404479234?
7
What is the ten thousands digit of 73432278?
3
What is the ten thousands digit of 3943462?
4
What is the millions digit of 1621004379?
1
What is the hundred millions digit of 1960352386?
9
What is the ten millions digit of 493838617?
9
What is the ten thousands digit of 101653259?
5
What is the thousands digit of 1720731179?
1
What is the ten millions digit of 65852139?
6
What is the hundred thousands digit of 54593113?
5
What is the hundred millions digit of 2283839887?
2
What is the hundred thousands digit of 19454975?
4
What is the hundred thousands digit of 277951950?
9
What is the ten thousands digit of 7534209523?
0
What is the hundred thousands digit of 57232250?
2
What is the tens digit of 481198197?
9
What is the hundred millions digit of 722212415?
7
What is the hundred millions digit of 265645261?
2
What is the ten thousands digit of 1562432522?
3
What is the ten thousands digit of 1123636941?
3
What is the ten millions digit of 73986230?
7
What is the thousands digit of 80088431?
8
What is the tens digit of 39637952?
5
What is the hundred thousands digit of 280812411?
8
What is the ten thousands digit of 34044272?
4
What is the billions digit of 4659587255?
4
What is the thousands digit of 15935819?
5
What is the ten thousands digit of 5147553352?
5
What is the units digit of 2572146323?
3
What is the ten millions digit of 4566394012?
6
What is the hundred thousands digit of 63573946?
5
What is the tens digit of 3925833?
3
What is the hundred millions digit of 8408239209?
4
What is the ten millions digit of 175072732?
7
What is the hundred thousands digit of 4458639016?
6
What is the billions digit of 2294157076?
2
What is the thousands digit of 12407325?
7
What is the thousands digit of 125110359?
0
What is the thousands digit of 87889346?
9
What is the tens digit of 4899038047?
4
What is the hundreds digit of 719200461?
4
What is the tens digit of 85563655?
5
What is the hundred millions digit of 118417950?
1
What is the ten thousands digit of 1896515372?
1
What is the tens digit of 19600795?
9
What is the hundreds digit of 4054276545?
5
What is the ten millions digit of 48302947?
4
What is the hundreds digit of 1258280840?
8
What is the hundreds digit of 326275942?
9
What is the units digit of 52616179?
9
What is the hundred thousands digit of 161362703?
3
What is the ten thousands digit of 149898127?
9
What is the hundreds digit of 2295582130?
1
What is the ten thousands digit of 35038502?
3
What is the ten thousands digit of 43594913?
9
What is the hundred thousands digit of 336015215?
0
What is the thousands digit of 404444954?
4
What is the ten thousands digit of 3401448361?
4
What is the hundreds digit of 289690724?
7
What is the units digit of 161458890?
0
What is the hundred thousands digit of 725154741?
1
What is the hundred thousands digit of 1437530785?
5
What is the thousands digit of 3831898316?
8
What is the ten thousands digit of 7084672157?
7
What is the thousands digit of 8801931?
1
What is the thousands digit of 28455910?
5
What is the units digit of 169694597?
7
What is the hundred millions digit of 2805004599?
8
What is the tens digit of 39859636?
3
What is the tens digit of 37888534?
3
What is the units digit of 330782170?
0
What is the hundreds digit of 31671686?
6
What is the hundreds digit of 1099869176?
1
What is the ten thousands digit of 150834152?
3
What is the hundred millions digit of 977244681?
9
What is the tens digit of 371454803?
0
What is the hundreds digit of 159837882?
8
What is the thousands digit of 2607435?
7
What is the tens digit of 96834447?
4
What is the hundred millions digit of 672973645?
6
What is the hundred millions digit of 128594476?
1
What is the ten thousands digit of 419873460?
7
What is the millions digit of 636270098?
6
What is the millions digit of 485240702?
5
What is the ten thousands digit of 91318890?
1
What is the thousands digit of 1165982542?
2
What is the hundred thousands digit of 3536548?
5
What is the tens digit of 306399531?
3
What is the hundreds digit of 1124503974?
9
What is the hundred thousands digit of 3984097167?
0
What is the tens digit of 51715?
1
What is the ten thousands digit of 64919722?
1
What is the units digit of 4532855502?
2
What is the thousands digit of 36900894?
0
What is the hundred thousands digit of 41055333?
0
What is the units digit of 41223325?
5
What is the hundred thousands digit of 62701166?
7
What is the ten millions digit of 1427212891?
2
What is the tens digit of 301666460?
6
What is the thousands digit of 12336645?
6
What is the units digit of 50659929?
9
What is the thousands digit of 207894178?
4
What is the units digit of 195059311?
1
What is the millions digit of 182184287?
2
What is the billions digit of 2074447763?
2
What is the ten thousands digit of 25287533?
8
W